{"id":38,"date":"2024-05-24T20:57:57","date_gmt":"2024-05-24T20:57:57","guid":{"rendered":"https:\/\/lombarte.es\/?page_id=38"},"modified":"2024-10-14T16:43:41","modified_gmt":"2024-10-14T16:43:41","slug":"dormir","status":"publish","type":"page","link":"https:\/\/lombarte.es\/index.php\/dormir\/","title":{"rendered":"Dormir"},"content":{"rendered":"\t\t<div data-elementor-type=\"wp-page\" data-elementor-id=\"38\" class=\"elementor elementor-38\">\n\t\t\t\t<div class=\"elementor-element elementor-element-82db726 e-flex e-con-boxed e-con e-parent\" data-id=\"82db726\" data-element_type=\"container\">\n\t\t\t\t\t<div class=\"e-con-inner\">\n\t\t<div class=\"elementor-element elementor-element-c106bf2 e-con-full e-flex e-con e-child\" data-id=\"c106bf2\" data-element_type=\"container\">\n\t\t\t\t<div class=\"elementor-element elementor-element-56c6c21 elementor-widget elementor-widget-heading\" data-id=\"56c6c21\" data-element_type=\"widget\" data-widget_type=\"heading.default\">\n\t\t\t\t<div class=\"elementor-widget-container\">\n\t\t\t<style>\/*! elementor - v3.22.0 - 26-06-2024 *\/\n.elementor-heading-title{padding:0;margin:0;line-height:1}.elementor-widget-heading .elementor-heading-title[class*=elementor-size-]>a{color:inherit;font-size:inherit;line-height:inherit}.elementor-widget-heading .elementor-heading-title.elementor-size-small{font-size:15px}.elementor-widget-heading .elementor-heading-title.elementor-size-medium{font-size:19px}.elementor-widget-heading .elementor-heading-title.elementor-size-large{font-size:29px}.elementor-widget-heading .elementor-heading-title.elementor-size-xl{font-size:39px}.elementor-widget-heading .elementor-heading-title.elementor-size-xxl{font-size:59px}<\/style><h2 class=\"elementor-heading-title elementor-size-default\">Dormir<\/h2>\t\t<\/div>\n\t\t\t\t<\/div>\n\t\t\t\t<\/div>\n\t\t<div class=\"elementor-element elementor-element-8bbfc59 e-con-full e-flex e-con e-child\" data-id=\"8bbfc59\" data-element_type=\"container\">\n\t\t\t\t<\/div>\n\t\t\t\t\t<\/div>\n\t\t\t\t<\/div>\n\t\t<div class=\"elementor-element elementor-element-befbe3b e-flex e-con-boxed e-con e-parent\" data-id=\"befbe3b\" data-element_type=\"container\">\n\t\t\t\t\t<div class=\"e-con-inner\">\n\t\t<div class=\"elementor-element elementor-element-389169f e-con-full e-flex e-con e-child\" data-id=\"389169f\" data-element_type=\"container\">\n\t\t\t\t<div class=\"elementor-element elementor-element-880034b elementor-widget elementor-widget-text-editor\" data-id=\"880034b\" data-element_type=\"widget\" data-widget_type=\"text-editor.default\">\n\t\t\t\t<div class=\"elementor-widget-container\">\n\t\t\t<style>\/*! elementor - v3.22.0 - 26-06-2024 *\/\n.elementor-widget-text-editor.elementor-drop-cap-view-stacked .elementor-drop-cap{background-color:#69727d;color:#fff}.elementor-widget-text-editor.elementor-drop-cap-view-framed .elementor-drop-cap{color:#69727d;border:3px solid;background-color:transparent}.elementor-widget-text-editor:not(.elementor-drop-cap-view-default) .elementor-drop-cap{margin-top:8px}.elementor-widget-text-editor:not(.elementor-drop-cap-view-default) .elementor-drop-cap-letter{width:1em;height:1em}.elementor-widget-text-editor .elementor-drop-cap{float:left;text-align:center;line-height:1;font-size:50px}.elementor-widget-text-editor .elementor-drop-cap-letter{display:inline-block}<\/style>\t\t\t\t<h3 class=\"HeadlineItem css-1gjyo6c\" data-testid=\"headline-item-134023672\">D\u00f3nde reservar<\/h3>\t\t\t\t\t\t<\/div>\n\t\t\t\t<\/div>\n\t\t\t\t<\/div>\n\t\t<div class=\"elementor-element elementor-element-90ee1ba e-con-full e-flex e-con e-child\" data-id=\"90ee1ba\" data-element_type=\"container\">\n\t\t\t\t<div class=\"elementor-element elementor-element-452562f elementor-widget elementor-widget-text-editor\" data-id=\"452562f\" data-element_type=\"widget\" data-widget_type=\"text-editor.default\">\n\t\t\t\t<div class=\"elementor-widget-container\">\n\t\t\t\t\t\t\t<h4 class=\"HeadlineItem css-5vij1u\" data-testid=\"headline-item-134023996\">1. ALOJAMIENTOS EXCLUSIVOS PARA LOS INVITADOS<\/h4><div class=\"ParagraphItem css-1eesnua\" data-testid=\"paragraph-item-134018125\"><p class=\"ql-align-center\">Estos alojamientos est\u00e1n disponibles exclusivamente para los invitados <strong>hasta tres meses antes de la fecha de la boda<\/strong> (hacia finales de abril).<\/p><p class=\"ql-align-center\"><em>Con el fin de ocupar al m\u00e1ximo estos alojamientos, os pedimos que elij\u00e1is uno cuyo tama\u00f1o corresponda al de vuestro grupo.<\/em><\/p><p class=\"ql-align-center\">Por favor, seleccionad un alojamiento solo de la categor\u00eda <strong>\u201cGites Hors Site\u201d.<\/strong><\/p><p class=\"ql-align-center\">Podr\u00e9is hacer las reservas (a partir de noviembre) a trav\u00e9s de este enlace: <a href=\"http:\/\/booking.closdutuilier.com\/\" rel=\"nofollow ugc noopener noreferrer external\">http:\/\/booking.closdutuilier.com\/<\/a><\/p><\/div>\t\t\t\t\t\t<\/div>\n\t\t\t\t<\/div>\n\t\t\t\t<div class=\"elementor-element elementor-element-d3ec4ec elementor-widget elementor-widget-text-editor\" data-id=\"d3ec4ec\" data-element_type=\"widget\" data-widget_type=\"text-editor.default\">\n\t\t\t\t<div class=\"elementor-widget-container\">\n\t\t\t\t\t\t\t<h4 class=\"HeadlineItem css-5vij1u\" data-testid=\"headline-item-134024356\">2. ALOJAMIENTOS CERCA DE EL CLOS DU TUILIER<\/h4><div class=\"ParagraphItem css-1eesnua\" data-testid=\"paragraph-item-134024382\"><p class=\"ql-align-center\">En este <a href=\"https:\/\/docs.google.com\/spreadsheets\/d\/1krnOgyAhYUb_mX4mjPKz4-3VfuZNRIrvPi1xv210fmM\/edit?usp=sharing\" rel=\"nofollow ugc noopener noreferrer external\">enlace<\/a>, pod\u00e9is encontrar un documento con otros alojamientos cerca del lugar.<\/p><\/div>\t\t\t\t\t\t<\/div>\n\t\t\t\t<\/div>\n\t\t\t\t<div class=\"elementor-element elementor-element-c027823 elementor-widget elementor-widget-text-editor\" data-id=\"c027823\" data-element_type=\"widget\" data-widget_type=\"text-editor.default\">\n\t\t\t\t<div class=\"elementor-widget-container\">\n\t\t\t\t\t\t\t<h4 class=\"HeadlineItem css-5vij1u\" data-testid=\"headline-item-134024574\">3. OTRAS P\u00c1GINAS WEB DONDE RESERVAR<\/h4><div class=\"ParagraphItem css-1eesnua\" data-testid=\"paragraph-item-134024652\"><p class=\"ql-align-center\"><a href=\"https:\/\/www.airbnb.fr\/s\/Oppedette--France\/homes?tab_id=home_tab&amp;refinement_paths%5B%5D=%2Fhomes&amp;query=Oppedette%2C%20France&amp;place_id=ChIJBdV2KKU3yhIRYLCX_aUZCAQ&amp;location_bb=Qi%2FIqkCzocZCL6i6QLIqrg%3D%3D&amp;date_picker_type=flexible_dates&amp;flexible_trip_lengths%5B%5D=weekend_trip&amp;flexible_trip_dates%5B%5D=august&amp;source=structured_search_input_header&amp;search_type=autocomplete_click\" rel=\"nofollow ugc noopener noreferrer external\">Airbnb<\/a><\/p><p class=\"ql-align-center\"><a href=\"https:\/\/www.booking.com\/searchresults.fr.html?ss=Oppedette%2C+Provence-Alpes-C%C3%B4te+d%27Azur%2C+France&amp;ssne=Marseille&amp;ssne_untouched=Marseille&amp;efdco=1&amp;label=gog235jc-1DCAEoggI46AdIDVgDaE2IAQGYAQ24AQfIAQ3YAQPoAQH4AQKIAgGoAgO4ApG1sLgGwAIB0gIkMWRkNTVkZjItYzIyMi00NTQ4LWJlY2UtNzRlMjUzNTg1ZWFk2AIE4AIB&amp;aid=397594&amp;lang=fr&amp;sb=1&amp;src_elem=sb&amp;src=index&amp;dest_id=-1455950&amp;dest_type=city&amp;ac_position=0&amp;ac_click_type=b&amp;ac_langcode=fr&amp;ac_suggestion_list_length=1&amp;search_selected=true&amp;search_pageview_id=38bf868849801b83&amp;ac_meta=GhAzOGJmODY4ODQ5ODAxYjgzIAAoATICZnI6CG9wcGVkZXR0QABKAFAA&amp;checkin=2024-10-13&amp;checkout=2024-10-14&amp;ltfd=5%3A1%3A8-2025%3A1%3A&amp;group_adults=1&amp;no_rooms=1&amp;group_children=0\" rel=\"nofollow ugc noopener noreferrer external\">Booking.com<\/a><\/p><p class=\"ql-align-center\"><a href=\"https:\/\/www.gites-de-france.com\/fr\/search?towns=37892&amp;adults=2&amp;children=0&amp;infants=0&amp;seed=792c5fe4&amp;arrival=2025-08-08&amp;departure=2025-08-10\" rel=\"nofollow ugc noopener noreferrer external\">Gites de France<\/a><\/p><\/div>\t\t\t\t\t\t<\/div>\n\t\t\t\t<\/div>\n\t\t\t\t<\/div>\n\t\t\t\t\t<\/div>\n\t\t\t\t<\/div>\n\t\t\t\t<\/div>\n\t\t","protected":false},"excerpt":{"rendered":"<p>Dormir D\u00f3nde reservar 1. ALOJAMIENTOS EXCLUSIVOS PARA LOS INVITADOS Estos alojamientos est\u00e1n disponibles exclusivamente para los invitados hasta tres meses antes de la fecha de la boda (hacia finales de abril). Con el fin de ocupar al m\u00e1ximo estos alojamientos, os pedimos que elij\u00e1is uno cuyo tama\u00f1o corresponda al de vuestro grupo. Por favor, seleccionad &#8230; <a title=\"Dormir\" class=\"read-more\" href=\"https:\/\/lombarte.es\/index.php\/dormir\/\" aria-label=\"Leer m\u00e1s sobre Dormir\">Leer m\u00e1s<\/a><\/p>\n","protected":false},"author":1,"featured_media":0,"parent":0,"menu_order":0,"comment_status":"closed","ping_status":"closed","template":"","meta":{"_uag_custom_page_level_css":"","footnotes":""},"class_list":["post-38","page","type-page","status-publish"],"uagb_featured_image_src":{"full":false,"thumbnail":false,"medium":false,"medium_large":false,"large":false,"1536x1536":false,"2048x2048":false},"uagb_author_info":{"display_name":"admin","author_link":"https:\/\/lombarte.es\/index.php\/author\/admin\/"},"uagb_comment_info":0,"uagb_excerpt":"Dormir D\u00f3nde reservar 1. ALOJAMIENTOS EXCLUSIVOS PARA LOS INVITADOS Estos alojamientos est\u00e1n disponibles exclusivamente para los invitados hasta tres meses antes de la fecha de la boda (hacia finales de abril). Con el fin de ocupar al m\u00e1ximo estos alojamientos, os pedimos que elij\u00e1is uno cuyo tama\u00f1o corresponda al de vuestro grupo. Por favor, seleccionad&hellip;","_links":{"self":[{"href":"https:\/\/lombarte.es\/index.php\/wp-json\/wp\/v2\/pages\/38","targetHints":{"allow":["GET"]}}],"collection":[{"href":"https:\/\/lombarte.es\/index.php\/wp-json\/wp\/v2\/pages"}],"about":[{"href":"https:\/\/lombarte.es\/index.php\/wp-json\/wp\/v2\/types\/page"}],"author":[{"embeddable":true,"href":"https:\/\/lombarte.es\/index.php\/wp-json\/wp\/v2\/users\/1"}],"replies":[{"embeddable":true,"href":"https:\/\/lombarte.es\/index.php\/wp-json\/wp\/v2\/comments?post=38"}],"version-history":[{"count":7,"href":"https:\/\/lombarte.es\/index.php\/wp-json\/wp\/v2\/pages\/38\/revisions"}],"predecessor-version":[{"id":91,"href":"https:\/\/lombarte.es\/index.php\/wp-json\/wp\/v2\/pages\/38\/revisions\/91"}],"wp:attachment":[{"href":"https:\/\/lombarte.es\/index.php\/wp-json\/wp\/v2\/media?parent=38"}],"curies":[{"name":"wp","href":"https:\/\/api.w.org\/{rel}","templated":true}]}}